{"id":3,"date":"2025-04-23T23:12:34","date_gmt":"2025-04-23T23:12:34","guid":{"rendered":"https:\/\/www.worldgrapplingacademy.com.br\/store\/?page_id=3"},"modified":"2025-05-11T19:28:43","modified_gmt":"2025-05-11T22:28:43","slug":"politica-de-privacidade","status":"publish","type":"page","link":"https:\/\/www.worldgrapplingacademy.com.br\/store\/politica-de-privacidade\/","title":{"rendered":"Pol\u00edtica de privacidade"},"content":{"rendered":"\r\n<p class=\"\" data-start=\"84\" data-end=\"143\"><strong data-start=\"84\" data-end=\"143\">Pol\u00edtica de Privacidade &#8211; WGA &#8211; World Grappling Academy<\/strong><\/p>\r\n<p class=\"\" data-start=\"145\" data-end=\"190\"><strong data-start=\"145\" data-end=\"190\">\u00daltima atualiza\u00e7\u00e3o: [11\/05\/]<\/strong><\/p>\r\n<p class=\"\" data-start=\"192\" data-end=\"604\">A privacidade dos nossos clientes \u00e9 muito importante para a WGA &#8211; World Grappling Academy. Esta Pol\u00edtica de Privacidade tem o objetivo de informar como coletamos, usamos, protegemos e compartilhamos as informa\u00e7\u00f5es dos usu\u00e1rios que acessam o site <a class=\"\" href=\"http:\/\/www.worldgrapplingacademy.com.br\/store\" target=\"_new\" rel=\"noopener\" data-start=\"438\" data-end=\"525\">www.worldgrapplingacademy.com.br\/store<\/a>. Ao acessar e utilizar nosso site, voc\u00ea concorda com os termos desta pol\u00edtica.<\/p>\r\n<h3 class=\"wp-block-heading\" data-start=\"606\" data-end=\"642\">1. <strong data-start=\"613\" data-end=\"642\">Informa\u00e7\u00f5es que Coletamos<\/strong><\/h3>\r\n<p class=\"\" data-start=\"644\" data-end=\"807\">Coletamos informa\u00e7\u00f5es de nossos usu\u00e1rios para melhorar a experi\u00eancia de compra e oferecer um atendimento personalizado. As informa\u00e7\u00f5es que podemos coletar incluem:<\/p>\r\n<ul data-start=\"809\" data-end=\"1177\">\r\n<li class=\"\" data-start=\"809\" data-end=\"968\">\r\n<p class=\"\" data-start=\"811\" data-end=\"968\"><strong data-start=\"811\" data-end=\"836\">Informa\u00e7\u00f5es Pessoais:<\/strong> Nome, endere\u00e7o de e-mail, endere\u00e7o de entrega, telefone, CPF, dados de pagamento (cart\u00e3o de cr\u00e9dito ou outras formas de pagamento).<\/p>\r\n<\/li>\r\n<li class=\"\" data-start=\"969\" data-end=\"1177\">\r\n<p class=\"\" data-start=\"971\" data-end=\"1177\"><strong data-start=\"971\" data-end=\"1000\">Informa\u00e7\u00f5es de Navega\u00e7\u00e3o:<\/strong> Dados sobre sua intera\u00e7\u00e3o com o site, como seu endere\u00e7o IP, tipo de navegador, p\u00e1ginas acessadas, tempo de navega\u00e7\u00e3o e outras informa\u00e7\u00f5es relacionadas ao seu uso do nosso site.<\/p>\r\n<\/li>\r\n<\/ul>\r\n<h3 class=\"\" data-start=\"1179\" data-end=\"1218\">2. <strong data-start=\"1186\" data-end=\"1218\">Como Usamos Suas Informa\u00e7\u00f5es<\/strong><\/h3>\r\n<p class=\"\" data-start=\"1220\" data-end=\"1279\">Utilizamos as informa\u00e7\u00f5es coletadas para os seguintes fins:<\/p>\r\n<ul data-start=\"1281\" data-end=\"1633\">\r\n<li class=\"\" data-start=\"1281\" data-end=\"1330\">\r\n<p class=\"\" data-start=\"1283\" data-end=\"1330\">Processamento de pedidos e entrega de produtos.<\/p>\r\n<\/li>\r\n<li class=\"\" data-start=\"1331\" data-end=\"1383\">\r\n<p class=\"\" data-start=\"1333\" data-end=\"1383\">Responder a d\u00favidas e fornecer suporte ao cliente.<\/p>\r\n<\/li>\r\n<li class=\"\" data-start=\"1384\" data-end=\"1505\">\r\n<p class=\"\" data-start=\"1386\" data-end=\"1505\">Enviar promo\u00e7\u00f5es, novidades e outras informa\u00e7\u00f5es sobre nossos produtos, quando voc\u00ea opta por receber tais comunica\u00e7\u00f5es.<\/p>\r\n<\/li>\r\n<li class=\"\" data-start=\"1506\" data-end=\"1590\">\r\n<p class=\"\" data-start=\"1508\" data-end=\"1590\">Melhorar a funcionalidade do nosso site e personalizar a experi\u00eancia de navega\u00e7\u00e3o.<\/p>\r\n<\/li>\r\n<li class=\"\" data-start=\"1591\" data-end=\"1633\">\r\n<p class=\"\" data-start=\"1593\" data-end=\"1633\">Cumprir com obriga\u00e7\u00f5es legais e fiscais.<\/p>\r\n<\/li>\r\n<\/ul>\r\n<h3 class=\"\" data-start=\"1635\" data-end=\"1677\">3. <strong data-start=\"1642\" data-end=\"1677\">Compartilhamento de Informa\u00e7\u00f5es<\/strong><\/h3>\r\n<p class=\"\" data-start=\"1679\" data-end=\"1815\">A WGA &#8211; World Grappling Academy n\u00e3o vende, aluga ou compartilha suas informa\u00e7\u00f5es pessoais com terceiros, exceto nas seguintes situa\u00e7\u00f5es:<\/p>\r\n<ul data-start=\"1817\" data-end=\"2310\">\r\n<li class=\"\" data-start=\"1817\" data-end=\"1975\">\r\n<p class=\"\" data-start=\"1819\" data-end=\"1975\"><strong data-start=\"1819\" data-end=\"1843\">Servi\u00e7os de Entrega:<\/strong> Podemos compartilhar seu endere\u00e7o de entrega com empresas de transporte e correios para realizar a entrega dos produtos adquiridos.<\/p>\r\n<\/li>\r\n<li class=\"\" data-start=\"1976\" data-end=\"2135\">\r\n<p class=\"\" data-start=\"1978\" data-end=\"2135\"><strong data-start=\"1978\" data-end=\"2009\">Processadores de Pagamento:<\/strong> Seus dados de pagamento ser\u00e3o compartilhados com provedores de pagamento terceirizados para processar transa\u00e7\u00f5es financeiras.<\/p>\r\n<\/li>\r\n<li class=\"\" data-start=\"2136\" data-end=\"2310\">\r\n<p class=\"\" data-start=\"2138\" data-end=\"2310\"><strong data-start=\"2138\" data-end=\"2160\">Obriga\u00e7\u00f5es Legais:<\/strong> Podemos divulgar suas informa\u00e7\u00f5es quando exigido por lei, como por exemplo, em resposta a uma ordem judicial ou para cumprir com regulamentos legais.<\/p>\r\n<\/li>\r\n<\/ul>\r\n<h3 class=\"\" data-start=\"2312\" data-end=\"2348\">4. <strong data-start=\"2319\" data-end=\"2348\">Seguran\u00e7a das Informa\u00e7\u00f5es<\/strong><\/h3>\r\n<p class=\"\" data-start=\"2350\" data-end=\"2755\">Tomamos medidas de seguran\u00e7a adequadas para proteger suas informa\u00e7\u00f5es pessoais. Utilizamos tecnologia de criptografia SSL (Secure Socket Layer) para proteger os dados de pagamento durante a transa\u00e7\u00e3o. No entanto, nenhum sistema de transmiss\u00e3o ou armazenamento de dados pode ser garantido como 100% seguro, e, embora nos esforcemos para proteger suas informa\u00e7\u00f5es, n\u00e3o podemos garantir a seguran\u00e7a absoluta.<\/p>\r\n<h3 class=\"\" data-start=\"2757\" data-end=\"2775\">5. <strong data-start=\"2764\" data-end=\"2775\">Cookies<\/strong><\/h3>\r\n<p class=\"\" data-start=\"2777\" data-end=\"3216\">Utilizamos cookies para melhorar sua experi\u00eancia no site, como, por exemplo, para lembrar seu login ou prefer\u00eancias de navega\u00e7\u00e3o. Os cookies s\u00e3o pequenos arquivos armazenados em seu dispositivo que permitem que o site se lembre de algumas configura\u00e7\u00f5es e prefer\u00eancias. Voc\u00ea pode configurar seu navegador para bloquear ou avis\u00e1-lo sobre o uso de cookies, mas, ao fazer isso, algumas funcionalidades do site podem n\u00e3o funcionar corretamente.<\/p>\r\n<h3 class=\"\" data-start=\"3218\" data-end=\"3242\">6. <strong data-start=\"3225\" data-end=\"3242\">Seus Direitos<\/strong><\/h3>\r\n<p class=\"\" data-start=\"3244\" data-end=\"3561\">Voc\u00ea tem o direito de acessar, corrigir ou excluir suas informa\u00e7\u00f5es pessoais a qualquer momento. Caso deseje atualizar suas informa\u00e7\u00f5es ou se preferir n\u00e3o receber mais comunica\u00e7\u00f5es de marketing da WGA &#8211; World Grappling Academy, voc\u00ea pode entrar em contato conosco pelo e-mail <strong data-start=\"3520\" data-end=\"3560\"><a class=\"cursor-pointer\" rel=\"noopener\" data-start=\"3522\" data-end=\"3558\">contato@worldgrapplingacademy.com.br<\/a><\/strong>.<\/p>\r\n<h3 class=\"\" data-start=\"3563\" data-end=\"3611\">7. <strong data-start=\"3570\" data-end=\"3611\">Altera\u00e7\u00f5es na Pol\u00edtica de Privacidade<\/strong><\/h3>\r\n<p class=\"\" data-start=\"3613\" data-end=\"3885\">Esta Pol\u00edtica de Privacidade pode ser atualizada periodicamente. Qualquer altera\u00e7\u00e3o ser\u00e1 comunicada no site, e a data de atualiza\u00e7\u00e3o ser\u00e1 revisada no topo deste documento. Recomendamos que voc\u00ea revise esta pol\u00edtica regularmente para estar ciente de quaisquer modifica\u00e7\u00f5es.<\/p>\r\n<h3 class=\"\" data-start=\"3887\" data-end=\"3905\">8. <strong data-start=\"3894\" data-end=\"3905\">Contato<\/strong><\/h3>\r\n<p class=\"\" data-start=\"3907\" data-end=\"4112\">Se voc\u00ea tiver d\u00favidas ou preocupa\u00e7\u00f5es sobre nossa Pol\u00edtica de Privacidade ou sobre o uso de suas informa\u00e7\u00f5es pessoais, entre em contato conosco atrav\u00e9s do e-mail:<br data-start=\"4069\" data-end=\"4072\" \/><strong data-start=\"4072\" data-end=\"4112\"><a class=\"cursor-pointer\" rel=\"noopener\" data-start=\"4074\" data-end=\"4110\">contato@worldgrapplingacademy.com.br<\/a><\/strong><\/p>","protected":false},"excerpt":{"rendered":"<p>Pol\u00edtica de Privacidade &#8211; WGA &#8211; World Grappling Academy \u00daltima atualiza\u00e7\u00e3o: [11\/05\/] A privacidade dos nossos clientes \u00e9 muito importante para a WGA &#8211; World Grappling Academy. Esta Pol\u00edtica de Privacidade tem o objetivo de informar como coletamos, usamos, protegemos e compartilhamos as informa\u00e7\u00f5es dos usu\u00e1rios que acessam o site www.worldgrapplingacademy.com.br\/store. Ao acessar e utilizar [&hellip;]<\/p>\n","protected":false},"author":1,"featured_media":0,"parent":0,"menu_order":0,"comment_status":"closed","ping_status":"closed","template":"","meta":{"inline_featured_image":false,"footnotes":""},"class_list":["post-3","page","type-page","status-publish","hentry"],"_links":{"self":[{"href":"https:\/\/www.worldgrapplingacademy.com.br\/store\/wp-json\/wp\/v2\/pages\/3","targetHints":{"allow":["GET"]}}],"collection":[{"href":"https:\/\/www.worldgrapplingacademy.com.br\/store\/wp-json\/wp\/v2\/pages"}],"about":[{"href":"https:\/\/www.worldgrapplingacademy.com.br\/store\/wp-json\/wp\/v2\/types\/page"}],"author":[{"embeddable":true,"href":"https:\/\/www.worldgrapplingacademy.com.br\/store\/wp-json\/wp\/v2\/users\/1"}],"replies":[{"embeddable":true,"href":"https:\/\/www.worldgrapplingacademy.com.br\/store\/wp-json\/wp\/v2\/comments?post=3"}],"version-history":[{"count":2,"href":"https:\/\/www.worldgrapplingacademy.com.br\/store\/wp-json\/wp\/v2\/pages\/3\/revisions"}],"predecessor-version":[{"id":335,"href":"https:\/\/www.worldgrapplingacademy.com.br\/store\/wp-json\/wp\/v2\/pages\/3\/revisions\/335"}],"wp:attachment":[{"href":"https:\/\/www.worldgrapplingacademy.com.br\/store\/wp-json\/wp\/v2\/media?parent=3"}],"curies":[{"name":"wp","href":"https:\/\/api.w.org\/{rel}","templated":true}]}}